{"id":41,"date":"2025-08-27T16:37:19","date_gmt":"2025-08-27T14:37:19","guid":{"rendered":"https:\/\/weltzentrum-marl.de\/?page_id=41"},"modified":"2026-03-31T09:48:48","modified_gmt":"2026-03-31T07:48:48","slug":"aktivitaeten","status":"publish","type":"page","link":"https:\/\/weltzentrum-marl.de\/?page_id=41","title":{"rendered":"Aktivit\u00e4ten"},"content":{"rendered":"\n<h2 class=\"wp-block-heading\">B\u00fcchermarkt<\/h2>\n\n\n\n<p class=\"has-medium-font-size\">Bis zu vier Mal pro Jahr (in der Regel jeweils die Woche vor den Oster-, Sommer- und Herbstferien sowie Anfag Dezember) bieten wir unseren &#8222;B\u00fcchermarkt&#8220; an: Gebrauchte B\u00fccher werden gegen eine Spende abgegeben. Mit dem Erl\u00f6s wird die Bildungs-\/Projektarbeit von FUMEDI aus Guatemala, Partner der esm und des Marler Weltzentrums, unterst\u00fctzt. Die Auswahl wird auf mehreren Tischen im insel-Forum vor dem esm-Weltladen ausgelegt, und die Angebotszeit wird ausgedehnt (i.d.R. auf die Zeiten montags-freitags von 10:00-17:45 Uhr). F\u00fcr die rechtzeitige Information wird vorab eine Rundmail versendet; bei Interesse lassen Sie sich bitte durch eine entsprechende Mail an info@weltzentrum-marl.de in den Verteiler eintragen.<\/p>\n\n\n\n<h2 class=\"wp-block-heading\">Ausstellungen<\/h2>\n\n\n\n<p class=\"has-medium-font-size\">Zur Unterst\u00fctzung bestimmter Themen werden Ausstellungen im insel-Forum angeboten; sofern m\u00f6glich, werden diese durch fachkundige Personen er\u00f6ffnet.<\/p>\n\n\n\n<h2 class=\"wp-block-heading\">Fairer Imbiss<\/h2>\n\n\n\n<p class=\"has-medium-font-size\">Zweimal im Jahr werden beim Fairen Imbiss besondere Nahrungsmittel zum Verzehr angeboten, die fair gehandelte und regionale Waren beinhalten. Auch von der Qualit\u00e4t von fair gehandeltem Kaffee oder Tee kann man sich pers\u00f6nlich \u00fcberzeugen.<\/p>\n\n\n\n<h2 class=\"wp-block-heading\">Organgenaktion<\/h2>\n\n\n\n<p class=\"has-medium-font-size\">In der Adventszeit besteht die M\u00f6glichkeit, fair gehandelte Orangen zu kaufen. Hierzu ist eine rechtzeitige Bestellung n\u00f6tig; bitte achten Sie auf die entsprechende Ank\u00fcndigung auf unserer Startseite.<\/p>\n\n\n\n<h2 class=\"wp-block-heading\">Brillen sammeln<\/h2>\n\n\n\n<p class=\"has-medium-font-size\">Es k\u00f6nnen im esm-Weltladen nicht mehr gebrauchte Brillen abgegeben werden, die zu Partnern in Mali bef\u00f6rdert werden und dort Menschen mit Sehschw\u00e4chen helfen k\u00f6nnen.<\/p>\n\n\n\n<h2 class=\"wp-block-heading\">Handys sammeln<\/h2>\n\n\n\n<p class=\"has-medium-font-size\">Es k\u00f6nnen im esm-Weltladen nicht mehr ben\u00f6tigte Handys abgegeben werden, die zur Projektpartnern gebracht werden.<\/p>\n","protected":false},"excerpt":{"rendered":"<p>B\u00fcchermarkt Bis zu vier Mal pro Jahr (in der Regel jeweils die Woche vor den Oster-, Sommer- und Herbstferien sowie Anfag Dezember) bieten wir unseren &#8222;B\u00fcchermarkt&#8220; an: Gebrauchte B\u00fccher werden gegen eine Spende abgegeben. Mit dem Erl\u00f6s wird die Bildungs-\/Projektarbeit von FUMEDI aus Guatemala, Partner der esm und des Marler Weltzentrums, unterst\u00fctzt. Die Auswahl wird [&hellip;]<\/p>\n","protected":false},"author":1,"featured_media":0,"parent":0,"menu_order":0,"comment_status":"closed","ping_status":"closed","template":"","meta":{"footnotes":""},"class_list":["post-41","page","type-page","status-publish","hentry"],"_links":{"self":[{"href":"https:\/\/weltzentrum-marl.de\/index.php?rest_route=\/wp\/v2\/pages\/41","targetHints":{"allow":["GET"]}}],"collection":[{"href":"https:\/\/weltzentrum-marl.de\/index.php?rest_route=\/wp\/v2\/pages"}],"about":[{"href":"https:\/\/weltzentrum-marl.de\/index.php?rest_route=\/wp\/v2\/types\/page"}],"author":[{"embeddable":true,"href":"https:\/\/weltzentrum-marl.de\/index.php?rest_route=\/wp\/v2\/users\/1"}],"replies":[{"embeddable":true,"href":"https:\/\/weltzentrum-marl.de\/index.php?rest_route=%2Fwp%2Fv2%2Fcomments&post=41"}],"version-history":[{"count":3,"href":"https:\/\/weltzentrum-marl.de\/index.php?rest_route=\/wp\/v2\/pages\/41\/revisions"}],"predecessor-version":[{"id":179,"href":"https:\/\/weltzentrum-marl.de\/index.php?rest_route=\/wp\/v2\/pages\/41\/revisions\/179"}],"wp:attachment":[{"href":"https:\/\/weltzentrum-marl.de\/index.php?rest_route=%2Fwp%2Fv2%2Fmedia&parent=41"}],"curies":[{"name":"wp","href":"https:\/\/api.w.org\/{rel}","templated":true}]}}