{"id":26,"date":"2025-08-25T15:28:49","date_gmt":"2025-08-25T15:28:49","guid":{"rendered":"https:\/\/weltzentrum-marl.de\/?page_id=26"},"modified":"2025-08-30T13:31:49","modified_gmt":"2025-08-30T11:31:49","slug":"wir-uber-uns","status":"publish","type":"page","link":"https:\/\/weltzentrum-marl.de\/?page_id=26","title":{"rendered":"Wir \u00fcber uns"},"content":{"rendered":"\n<h2 class=\"wp-block-heading\">Gr\u00fcndung<\/h2>\n\n\n\n<p class=\"has-medium-font-size\">Am 23.05.1997 wurde das Marler Weltzentrum durch den ehemaligen B\u00fcrgermeister Dr. Ortlieb Fliedner er\u00f6ffnet. Als die damalige rot-gr\u00fcne Landesregierung 50 Pfennig pro B\u00fcrger f\u00fcr die Arbeit von Dritte-Welt-Gruppen zur Verf\u00fcgung stellte, verabredeten sich viele Marler Eine-Welt- und Menschenrechtsgruppen zur Zusammenarbeit im Marler Weltzentrum. Das Ziel war, in der Bev\u00f6lkerung Bewusstsein f\u00fcr Menschenrechte, Weltfrieden und Umweltschutz zu entwickeln. So wurden Fairer Handel, Information, Kommunikation und gemeinsame Aktionen Schwerpunkte der Arbeit.<br>&nbsp;<br>Nachdem die F\u00f6rderung der Landesregierung auslief, wurde das Marler Weltzentrum 2006 zu einem eingetragenen Verein umgewandelt. Damit war es m\u00f6glich, auch in Zukunft F\u00f6rdergelder f\u00fcr bestimmte Projekte zu beantragen.<\/p>\n\n\n\n<h2 class=\"wp-block-heading\">Wer wir sind<\/h2>\n\n\n\n<p class=\"has-medium-font-size\">Zur Zeit tragen Mitglieder folgender Gruppen die Arbeit des Marler Weltzentrums:<\/p>\n\n\n\n<ul class=\"wp-block-list has-medium-font-size\">\n<li class=\"has-medium-font-size\" style=\"border-style:none;border-width:0px;margin-top:0;margin-right:0;margin-bottom:0;margin-left:0\">Amnesty International &#8211; Gruppe Kreis Recklinghausen<\/li>\n\n\n\n<li class=\"has-medium-font-size\" style=\"border-style:none;border-width:0px;margin-top:0;margin-right:0;margin-bottom:0;margin-left:0\">Brasilien-Kreis St. Heinrich<\/li>\n\n\n\n<li class=\"has-medium-font-size\" style=\"border-style:none;border-width:0px;margin-top:0;margin-right:0;margin-bottom:0;margin-left:0\">Evangelische Stadt-Kirchengemeinde Marl (esm)<\/li>\n\n\n\n<li class=\"has-medium-font-size\" style=\"border-style:none;border-width:0px;margin-top:0;margin-right:0;margin-bottom:0;margin-left:0\">FIAN-Gruppe Marl<\/li>\n\n\n\n<li class=\"has-medium-font-size\" style=\"border-style:none;border-width:0px;margin-top:0;margin-right:0;margin-bottom:0;margin-left:0\">Ghana-Freundeskreis<\/li>\n\n\n\n<li class=\"has-medium-font-size\" style=\"border-style:none;border-width:0px;margin-top:0;margin-right:0;margin-bottom:0;margin-left:0\">Guatemala-Kreis<\/li>\n\n\n\n<li class=\"has-medium-font-size\" style=\"border-style:none;border-width:0px;margin-top:0;margin-right:0;margin-bottom:0;margin-left:0\">Katholisches Dekanat Marl<\/li>\n\n\n\n<li class=\"has-medium-font-size\" style=\"border-style:none;border-width:0px;margin-top:0;margin-right:0;margin-bottom:0;margin-left:0\">PLAN International<\/li>\n\n\n\n<li class=\"has-medium-font-size\" style=\"border-style:none;border-width:0px;margin-top:0;margin-right:0;margin-bottom:0;margin-left:0\">Burundi-Kreis St. Michael<\/li>\n<\/ul>\n\n\n\n<p class=\"has-medium-font-size\">Auch die Stadt Marl unterst\u00fctzt das Marler Weltzentrum.<\/p>\n\n\n\n<p class=\"has-medium-font-size\">Der Vorstand des Marler Weltzentrums wird von der Mitgliederversammlung gew\u00e4hlt und arbeitet ehrenamtlich. Er besteht aus derzeit Mitgliedern: Klaus-Dieter Hein (Vorsitzender), Gudrun Haselau und Ludger W\u00f6hle.<\/p>\n\n\n\n<h2 class=\"wp-block-heading\">Was wir machen<\/h2>\n\n\n\n<p class=\"has-medium-font-size\">Bei den monatlichen Treffen werden regelm\u00e4\u00dfig Informationen \u00fcber die Arbeit der beteiligten Gruppen zusammengetragen und die Durchf\u00fchrung von Aktionen geplant. In Zusammenarbeit mit ihnen werden die Teilnahme an oder Durchf\u00fchrung von Aktionen, die die Menschen aus \u201efernen L\u00e4ndern\u201c als gleichberechtigte Partner in den Anliegen einer gerechteren Welt f\u00fcr alle Menschen zeigen: durch Ausstellungen, Bildungsveranstaltung, Unterschriftenaktion oder Probierangeboten bei uns in Marl, Gespr\u00e4che mit Vertreter*innen der Partnerschaftsprojekte aus aller Welt sowie durch Wissensaustausch mit und Projektfinanzierung von Partnerorganisation. Die \u00d6ffentlichkeit wird u.a. durch Zusendung vorbereiteter Artikel an die \u00f6rtliche Presse \u00fcber die Aktivit\u00e4ten informiert.<\/p>\n\n\n\n<p class=\"has-medium-font-size\">Ein weiterer Schwerpunkt der Arbeit ist die F\u00f6rderung des Fairen Handels, der durch die esm verantwortet wird. Der <a href=\"https:\/\/weltzentrum-marl.de\/?page_id=39\" data-type=\"page\" data-id=\"39\">esm-Weltladen<\/a> bietet verschiedene Kaffee- und Teesorten (h\u00e4ufig Bioqualit\u00e4t), exquisite Schokoladen, Gew\u00fcrze, Weine und vieles mehr an. In L\u00e4ndern des S\u00fcdens hergestellte Dekoartikel, K\u00f6rbe, Taschen, Kerzen, T\u00fccher u.a. erg\u00e4nzen das Warensortiment. Wir f\u00fchren auf Anfrage auch Informationsveranstaltungen bei interessierten Gruppen durch. Zu den fairen Waren sind Informationen \u00fcber Herkunft und Herstellung sowie den \u201e10 Grunds\u00e4tzen des Fairen Handels\u201c erh\u00e4ltlich.<\/p>\n\n\n\n<figure class=\"wp-block-image size-large\"><img loading=\"lazy\" decoding=\"async\" width=\"1024\" height=\"772\" src=\"https:\/\/weltzentrum-marl.de\/wp-content\/uploads\/2025\/07\/WFTO_Die_zehn_Grundsatze_des_Fairen_Handels-1024x772.jpg\" alt=\"\" class=\"wp-image-18\" srcset=\"https:\/\/weltzentrum-marl.de\/wp-content\/uploads\/2025\/07\/WFTO_Die_zehn_Grundsatze_des_Fairen_Handels-1024x772.jpg 1024w, https:\/\/weltzentrum-marl.de\/wp-content\/uploads\/2025\/07\/WFTO_Die_zehn_Grundsatze_des_Fairen_Handels-300x226.jpg 300w, https:\/\/weltzentrum-marl.de\/wp-content\/uploads\/2025\/07\/WFTO_Die_zehn_Grundsatze_des_Fairen_Handels-768x579.jpg 768w, https:\/\/weltzentrum-marl.de\/wp-content\/uploads\/2025\/07\/WFTO_Die_zehn_Grundsatze_des_Fairen_Handels.jpg 1308w\" sizes=\"auto, (max-width: 1024px) 100vw, 1024px\" \/><\/figure>\n\n\n\n<p class=\"has-medium-font-size\">Eine weitere (dauerhafte) Aktion ist der B\u00fcchermarkt. Gespendete alte B\u00fccher werden gegen eine Spende abgegeben. Mit dem Erl\u00f6s wird die Bildungs-\/Projektarbeit von FUMEDI aus Guatemala, Partner der esm und des Marler Weltzentrums, unterst\u00fctzt. Dazu ist das Marler Weltzentrum aktiv durch den Fairen Imbiss (Rezepte mit fair gehandelten Produkten k\u00f6nnen 2x im Jahr probiert werden), das Brillenprojekt f\u00fcr Mali (alte Brillen k\u00f6nnen im Weltladen abgegeben werden) und die Orangenaktion (fair gehandelte Orangen k\u00f6nnen bestellt und im Dezember abgeholt werden) und zeigt dadurch den Einsatz f\u00fcr eine gerechtere Welt. Daran beteiligt sind \u00fcber 20 Ehrenamtliche, die einen Teil ihrer Freizeit f\u00fcr die verschiedenen Aktionen spenden.<\/p>\n\n\n\n<h2 class=\"wp-block-heading\">Mitmachen<\/h2>\n\n\n\n<p class=\"has-medium-font-size\">Alle MitarbeiterInnen des Marler Weltzentrums und des esm-Weltladens arbeiten ehrenamtlich. Interessierte Menschen, die bei uns mitmachen m\u00f6chten, sind herzlich willkommen. Wir freuen uns auch \u00fcber Spenden.<\/p>\n","protected":false},"excerpt":{"rendered":"<p>Gr\u00fcndung Am 23.05.1997 wurde das Marler Weltzentrum durch den ehemaligen B\u00fcrgermeister Dr. Ortlieb Fliedner er\u00f6ffnet. Als die damalige rot-gr\u00fcne Landesregierung 50 Pfennig pro B\u00fcrger f\u00fcr die Arbeit von Dritte-Welt-Gruppen zur Verf\u00fcgung stellte, verabredeten sich viele Marler Eine-Welt- und Menschenrechtsgruppen zur Zusammenarbeit im Marler Weltzentrum. Das Ziel war, in der Bev\u00f6lkerung Bewusstsein f\u00fcr Menschenrechte, Weltfrieden und [&hellip;]<\/p>\n","protected":false},"author":1,"featured_media":17,"parent":0,"menu_order":0,"comment_status":"closed","ping_status":"closed","template":"","meta":{"footnotes":""},"class_list":["post-26","page","type-page","status-publish","has-post-thumbnail","hentry"],"_links":{"self":[{"href":"https:\/\/weltzentrum-marl.de\/index.php?rest_route=\/wp\/v2\/pages\/26","targetHints":{"allow":["GET"]}}],"collection":[{"href":"https:\/\/weltzentrum-marl.de\/index.php?rest_route=\/wp\/v2\/pages"}],"about":[{"href":"https:\/\/weltzentrum-marl.de\/index.php?rest_route=\/wp\/v2\/types\/page"}],"author":[{"embeddable":true,"href":"https:\/\/weltzentrum-marl.de\/index.php?rest_route=\/wp\/v2\/users\/1"}],"replies":[{"embeddable":true,"href":"https:\/\/weltzentrum-marl.de\/index.php?rest_route=%2Fwp%2Fv2%2Fcomments&post=26"}],"version-history":[{"count":4,"href":"https:\/\/weltzentrum-marl.de\/index.php?rest_route=\/wp\/v2\/pages\/26\/revisions"}],"predecessor-version":[{"id":86,"href":"https:\/\/weltzentrum-marl.de\/index.php?rest_route=\/wp\/v2\/pages\/26\/revisions\/86"}],"wp:featuredmedia":[{"embeddable":true,"href":"https:\/\/weltzentrum-marl.de\/index.php?rest_route=\/wp\/v2\/media\/17"}],"wp:attachment":[{"href":"https:\/\/weltzentrum-marl.de\/index.php?rest_route=%2Fwp%2Fv2%2Fmedia&parent=26"}],"curies":[{"name":"wp","href":"https:\/\/api.w.org\/{rel}","templated":true}]}}